{"id":272,"date":"2019-04-15T16:46:44","date_gmt":"2019-04-15T16:46:44","guid":{"rendered":"http:\/\/ossopim.com.br\/?post_type=product&#038;p=272"},"modified":"2024-07-23T00:10:55","modified_gmt":"2024-07-23T03:10:55","slug":"ossopim-petisco-integral-de-aipim-batata-doce-100-natural-2","status":"publish","type":"product","link":"https:\/\/ossopim.com.br\/?product=ossopim-petisco-integral-de-aipim-batata-doce-100-natural-2","title":{"rendered":"Ossopim Petisco Integral de Aipim + Batata Doce \u2013 100% Natural &#8211; Embalagem Sustent\u00e1vel"},"content":{"rendered":"<p><span style=\"vertical-align: inherit;\"><span style=\"vertical-align: inherit;\">Ossopim Integral Manyok + Tatl\u0131 Patates \u00c7erezli\u011fi &#8211; %100 Do\u011fal &#8211; S\u00fcrd\u00fcr\u00fclebilir Ambalaj<\/span><\/span><\/p>\n<p><span style=\"vertical-align: inherit;\"><span style=\"vertical-align: inherit;\">&#8211; \u0130ntegral Manyok + Tatl\u0131 Patates \u00c7erezli\u011fi <\/span><\/span><br \/>\n<span style=\"vertical-align: inherit;\"><span style=\"vertical-align: inherit;\">&#8211; %100 Do\u011fal <\/span><\/span><br \/>\n<span style=\"vertical-align: inherit;\"><span style=\"vertical-align: inherit;\">&#8211; %100 Biyobozunur <\/span><\/span><br \/>\n<span style=\"vertical-align: inherit;\"><span style=\"vertical-align: inherit;\">&#8211; Renklendirici ve Koruyucu \u0130\u00e7ermez <\/span><\/span><br \/>\n<span style=\"vertical-align: inherit;\"><span style=\"vertical-align: inherit;\">&#8211; Tah\u0131ls\u0131z <\/span><\/span><br \/>\n<span style=\"vertical-align: inherit;\"><span style=\"vertical-align: inherit;\">&#8211; GDO \u0130\u00e7ermez <\/span><\/span><br \/>\n<span style=\"vertical-align: inherit;\"><span style=\"vertical-align: inherit;\">&#8211; Lif A\u00e7\u0131s\u0131ndan Zengin<\/span><\/span><\/p>\n<p><span style=\"vertical-align: inherit;\"><span style=\"vertical-align: inherit;\">Ambalaj <\/span><\/span><br \/>\n<span style=\"vertical-align: inherit;\"><span style=\"vertical-align: inherit;\">S\u00fcrd\u00fcr\u00fclebilir Cam Ambalaj <\/span><\/span><br \/>\n<span style=\"vertical-align: inherit;\"><span style=\"vertical-align: inherit;\">\u2013 Boyut: P= 20 adet<\/span><\/span><\/p>\n","protected":false},"excerpt":{"rendered":"<p><span style=\"vertical-align: inherit;\"><span style=\"vertical-align: inherit;\">Ossopim Integral Manyok + Tatl\u0131 Patates \u00c7erezli\u011fi &#8211; %100 Do\u011fal &#8211; S\u00fcrd\u00fcr\u00fclebilir Ambalaj<\/span><\/span><\/p>\n<p><span style=\"vertical-align: inherit;\"><span style=\"vertical-align: inherit;\">&#8211; \u0130ntegral Manyok + Tatl\u0131 Patates \u00c7erezli\u011fi <\/span><\/span><br \/>\n<span style=\"vertical-align: inherit;\"><span style=\"vertical-align: inherit;\">&#8211; %100 Do\u011fal <\/span><\/span><br \/>\n<span style=\"vertical-align: inherit;\"><span style=\"vertical-align: inherit;\">&#8211; %100 Biyobozunur <\/span><\/span><br \/>\n<span style=\"vertical-align: inherit;\"><span style=\"vertical-align: inherit;\">&#8211; Renklendirici ve Koruyucu \u0130\u00e7ermez <\/span><\/span><br \/>\n<span style=\"vertical-align: inherit;\"><span style=\"vertical-align: inherit;\">&#8211; Tah\u0131ls\u0131z <\/span><\/span><br \/>\n<span style=\"vertical-align: inherit;\"><span style=\"vertical-align: inherit;\">&#8211; GDO \u0130\u00e7ermez <\/span><\/span><br \/>\n<span style=\"vertical-align: inherit;\"><span style=\"vertical-align: inherit;\">&#8211; Lif A\u00e7\u0131s\u0131ndan Zengin<\/span><\/span><\/p>\n<p><span style=\"vertical-align: inherit;\"><span style=\"vertical-align: inherit;\">Ambalaj <\/span><\/span><br \/>\n<span style=\"vertical-align: inherit;\"><span style=\"vertical-align: inherit;\">S\u00fcrd\u00fcr\u00fclebilir Cam Ambalaj <\/span><\/span><br \/>\n<span style=\"vertical-align: inherit;\"><span style=\"vertical-align: inherit;\">\u2013 Boyut: P= 20 adet<\/span><\/span><\/p>\n","protected":false},"featured_media":448,"comment_status":"open","ping_status":"closed","template":"","meta":[],"product_cat":[46],"product_tag":[],"class_list":{"0":"post-272","1":"product","2":"type-product","3":"status-publish","4":"has-post-thumbnail","6":"product_cat-ossopim","8":"first","9":"instock","10":"shipping-taxable","11":"purchasable","12":"product-type-simple"},"yoast_head":"<!-- This site is optimized with the Yoast SEO plugin v23.1 - https:\/\/yoast.com\/wordpress\/plugins\/seo\/ -->\n<title>Ossopim Petisco Integral de Aipim + Batata Doce \u2013 100% Natural - Embalagem Sustent\u00e1vel &#187; Ossopim<\/title>\n<meta name=\"robots\" content=\"index, follow, max-snippet:-1, max-image-preview:large, max-video-preview:-1\" \/>\n<link rel=\"canonical\" href=\"https:\/\/ossopim.com.br\/?product=ossopim-petisco-integral-de-aipim-batata-doce-100-natural-2\" \/>\n<meta property=\"og:locale\" content=\"pt_BR\" \/>\n<meta property=\"og:type\" content=\"article\" \/>\n<meta property=\"og:title\" content=\"Ossopim Petisco Integral de Aipim + Batata Doce \u2013 100% Natural - Embalagem Sustent\u00e1vel &#187; Ossopim\" \/>\n<meta property=\"og:description\" content=\"Ossopim Integral Manyok + Tatl\u0131 Patates \u00c7erezli\u011fi - %100 Do\u011fal - S\u00fcrd\u00fcr\u00fclebilir Ambalaj  - \u0130ntegral Manyok + Tatl\u0131 Patates \u00c7erezli\u011fi  - %100 Do\u011fal  - %100 Biyobozunur  - Renklendirici ve Koruyucu \u0130\u00e7ermez  - Tah\u0131ls\u0131z  - GDO \u0130\u00e7ermez  - Lif A\u00e7\u0131s\u0131ndan Zengin  Ambalaj  S\u00fcrd\u00fcr\u00fclebilir Cam Ambalaj  \u2013 Boyut: P= 20 adet\" \/>\n<meta property=\"og:url\" content=\"https:\/\/ossopim.com.br\/?product=ossopim-petisco-integral-de-aipim-batata-doce-100-natural-2\" \/>\n<meta property=\"og:site_name\" content=\"Ossopim\" \/>\n<meta property=\"article:publisher\" content=\"https:\/\/web.facebook.com\/ossopim?_rdc=1&amp;amp%3bamp%3bamp%3bamp%3bamp%3bamp%3bamp%3bamp%3b_rdr\" \/>\n<meta property=\"article:modified_time\" content=\"2024-07-23T03:10:55+00:00\" \/>\n<meta property=\"og:image\" content=\"https:\/\/ossopim.com.br\/wp-content\/uploads\/2019\/04\/vidrobata.jpg\" \/>\n\t<meta property=\"og:image:width\" content=\"1000\" \/>\n\t<meta property=\"og:image:height\" content=\"1000\" \/>\n\t<meta property=\"og:image:type\" content=\"image\/jpeg\" \/>\n<meta name=\"twitter:card\" content=\"summary_large_image\" \/>\n<script type=\"application\/ld+json\" class=\"yoast-schema-graph\">{\"@context\":\"https:\/\/schema.org\",\"@graph\":[{\"@type\":\"WebPage\",\"@id\":\"https:\/\/ossopim.com.br\/?product=ossopim-petisco-integral-de-aipim-batata-doce-100-natural-2\",\"url\":\"https:\/\/ossopim.com.br\/?product=ossopim-petisco-integral-de-aipim-batata-doce-100-natural-2\",\"name\":\"Ossopim Petisco Integral de Aipim + Batata Doce \u2013 100% Natural - Embalagem Sustent\u00e1vel &#187; Ossopim\",\"isPartOf\":{\"@id\":\"https:\/\/ossopim.com.br\/#website\"},\"primaryImageOfPage\":{\"@id\":\"https:\/\/ossopim.com.br\/?product=ossopim-petisco-integral-de-aipim-batata-doce-100-natural-2#primaryimage\"},\"image\":{\"@id\":\"https:\/\/ossopim.com.br\/?product=ossopim-petisco-integral-de-aipim-batata-doce-100-natural-2#primaryimage\"},\"thumbnailUrl\":\"https:\/\/ossopim.com.br\/wp-content\/uploads\/2019\/04\/vidrobata.jpg\",\"datePublished\":\"2019-04-15T16:46:44+00:00\",\"dateModified\":\"2024-07-23T03:10:55+00:00\",\"breadcrumb\":{\"@id\":\"https:\/\/ossopim.com.br\/?product=ossopim-petisco-integral-de-aipim-batata-doce-100-natural-2#breadcrumb\"},\"inLanguage\":\"pt-BR\",\"potentialAction\":[{\"@type\":\"ReadAction\",\"target\":[\"https:\/\/ossopim.com.br\/?product=ossopim-petisco-integral-de-aipim-batata-doce-100-natural-2\"]}]},{\"@type\":\"ImageObject\",\"inLanguage\":\"pt-BR\",\"@id\":\"https:\/\/ossopim.com.br\/?product=ossopim-petisco-integral-de-aipim-batata-doce-100-natural-2#primaryimage\",\"url\":\"https:\/\/ossopim.com.br\/wp-content\/uploads\/2019\/04\/vidrobata.jpg\",\"contentUrl\":\"https:\/\/ossopim.com.br\/wp-content\/uploads\/2019\/04\/vidrobata.jpg\",\"width\":1000,\"height\":1000},{\"@type\":\"BreadcrumbList\",\"@id\":\"https:\/\/ossopim.com.br\/?product=ossopim-petisco-integral-de-aipim-batata-doce-100-natural-2#breadcrumb\",\"itemListElement\":[{\"@type\":\"ListItem\",\"position\":1,\"name\":\"In\u00edcio\",\"item\":\"https:\/\/ossopim.com.br\/\"},{\"@type\":\"ListItem\",\"position\":2,\"name\":\"Shop\",\"item\":\"https:\/\/ossopim.com.br\/?page_id=59\"},{\"@type\":\"ListItem\",\"position\":3,\"name\":\"Ossopim Petisco Integral de Aipim + Batata Doce \u2013 100% Natural &#8211; Embalagem Sustent\u00e1vel\"}]},{\"@type\":\"WebSite\",\"@id\":\"https:\/\/ossopim.com.br\/#website\",\"url\":\"https:\/\/ossopim.com.br\/\",\"name\":\"Ossopim\",\"description\":\"Ossopim\",\"publisher\":{\"@id\":\"https:\/\/ossopim.com.br\/#organization\"},\"potentialAction\":[{\"@type\":\"SearchAction\",\"target\":{\"@type\":\"EntryPoint\",\"urlTemplate\":\"https:\/\/ossopim.com.br\/?s={search_term_string}\"},\"query-input\":\"required name=search_term_string\"}],\"inLanguage\":\"pt-BR\"},{\"@type\":\"Organization\",\"@id\":\"https:\/\/ossopim.com.br\/#organization\",\"name\":\"OSSOPIM\",\"url\":\"https:\/\/ossopim.com.br\/\",\"logo\":{\"@type\":\"ImageObject\",\"inLanguage\":\"pt-BR\",\"@id\":\"https:\/\/ossopim.com.br\/#\/schema\/logo\/image\/\",\"url\":\"https:\/\/ossopim.com.br\/wp-content\/uploads\/2021\/05\/LOGO-ALTA-RESOLUCAO.png\",\"contentUrl\":\"https:\/\/ossopim.com.br\/wp-content\/uploads\/2021\/05\/LOGO-ALTA-RESOLUCAO.png\",\"width\":960,\"height\":960,\"caption\":\"OSSOPIM\"},\"image\":{\"@id\":\"https:\/\/ossopim.com.br\/#\/schema\/logo\/image\/\"},\"sameAs\":[\"https:\/\/web.facebook.com\/ossopim?_rdc=1&amp;amp;amp;amp;amp;amp;amp;amp;_rdr\",\"https:\/\/www.instagram.com\/ossopim\/\"]}]}<\/script>\n<!-- \/ Yoast SEO plugin. -->","yoast_head_json":{"title":"Ossopim Petisco Integral de Aipim + Batata Doce \u2013 100% Natural - Embalagem Sustent\u00e1vel &#187; Ossopim","robots":{"index":"index","follow":"follow","max-snippet":"max-snippet:-1","max-image-preview":"max-image-preview:large","max-video-preview":"max-video-preview:-1"},"canonical":"https:\/\/ossopim.com.br\/?product=ossopim-petisco-integral-de-aipim-batata-doce-100-natural-2","og_locale":"pt_BR","og_type":"article","og_title":"Ossopim Petisco Integral de Aipim + Batata Doce \u2013 100% Natural - Embalagem Sustent\u00e1vel &#187; Ossopim","og_description":"Ossopim Integral Manyok + Tatl\u0131 Patates \u00c7erezli\u011fi - %100 Do\u011fal - S\u00fcrd\u00fcr\u00fclebilir Ambalaj  - \u0130ntegral Manyok + Tatl\u0131 Patates \u00c7erezli\u011fi  - %100 Do\u011fal  - %100 Biyobozunur  - Renklendirici ve Koruyucu \u0130\u00e7ermez  - Tah\u0131ls\u0131z  - GDO \u0130\u00e7ermez  - Lif A\u00e7\u0131s\u0131ndan Zengin  Ambalaj  S\u00fcrd\u00fcr\u00fclebilir Cam Ambalaj  \u2013 Boyut: P= 20 adet","og_url":"https:\/\/ossopim.com.br\/?product=ossopim-petisco-integral-de-aipim-batata-doce-100-natural-2","og_site_name":"Ossopim","article_publisher":"https:\/\/web.facebook.com\/ossopim?_rdc=1&amp%3bamp%3bamp%3bamp%3bamp%3bamp%3bamp%3bamp%3b_rdr","article_modified_time":"2024-07-23T03:10:55+00:00","og_image":[{"width":1000,"height":1000,"url":"https:\/\/ossopim.com.br\/wp-content\/uploads\/2019\/04\/vidrobata.jpg","type":"image\/jpeg"}],"twitter_card":"summary_large_image","schema":{"@context":"https:\/\/schema.org","@graph":[{"@type":"WebPage","@id":"https:\/\/ossopim.com.br\/?product=ossopim-petisco-integral-de-aipim-batata-doce-100-natural-2","url":"https:\/\/ossopim.com.br\/?product=ossopim-petisco-integral-de-aipim-batata-doce-100-natural-2","name":"Ossopim Petisco Integral de Aipim + Batata Doce \u2013 100% Natural - Embalagem Sustent\u00e1vel &#187; Ossopim","isPartOf":{"@id":"https:\/\/ossopim.com.br\/#website"},"primaryImageOfPage":{"@id":"https:\/\/ossopim.com.br\/?product=ossopim-petisco-integral-de-aipim-batata-doce-100-natural-2#primaryimage"},"image":{"@id":"https:\/\/ossopim.com.br\/?product=ossopim-petisco-integral-de-aipim-batata-doce-100-natural-2#primaryimage"},"thumbnailUrl":"https:\/\/ossopim.com.br\/wp-content\/uploads\/2019\/04\/vidrobata.jpg","datePublished":"2019-04-15T16:46:44+00:00","dateModified":"2024-07-23T03:10:55+00:00","breadcrumb":{"@id":"https:\/\/ossopim.com.br\/?product=ossopim-petisco-integral-de-aipim-batata-doce-100-natural-2#breadcrumb"},"inLanguage":"pt-BR","potentialAction":[{"@type":"ReadAction","target":["https:\/\/ossopim.com.br\/?product=ossopim-petisco-integral-de-aipim-batata-doce-100-natural-2"]}]},{"@type":"ImageObject","inLanguage":"pt-BR","@id":"https:\/\/ossopim.com.br\/?product=ossopim-petisco-integral-de-aipim-batata-doce-100-natural-2#primaryimage","url":"https:\/\/ossopim.com.br\/wp-content\/uploads\/2019\/04\/vidrobata.jpg","contentUrl":"https:\/\/ossopim.com.br\/wp-content\/uploads\/2019\/04\/vidrobata.jpg","width":1000,"height":1000},{"@type":"BreadcrumbList","@id":"https:\/\/ossopim.com.br\/?product=ossopim-petisco-integral-de-aipim-batata-doce-100-natural-2#breadcrumb","itemListElement":[{"@type":"ListItem","position":1,"name":"In\u00edcio","item":"https:\/\/ossopim.com.br\/"},{"@type":"ListItem","position":2,"name":"Shop","item":"https:\/\/ossopim.com.br\/?page_id=59"},{"@type":"ListItem","position":3,"name":"Ossopim Petisco Integral de Aipim + Batata Doce \u2013 100% Natural &#8211; Embalagem Sustent\u00e1vel"}]},{"@type":"WebSite","@id":"https:\/\/ossopim.com.br\/#website","url":"https:\/\/ossopim.com.br\/","name":"Ossopim","description":"Ossopim","publisher":{"@id":"https:\/\/ossopim.com.br\/#organization"},"potentialAction":[{"@type":"SearchAction","target":{"@type":"EntryPoint","urlTemplate":"https:\/\/ossopim.com.br\/?s={search_term_string}"},"query-input":"required name=search_term_string"}],"inLanguage":"pt-BR"},{"@type":"Organization","@id":"https:\/\/ossopim.com.br\/#organization","name":"OSSOPIM","url":"https:\/\/ossopim.com.br\/","logo":{"@type":"ImageObject","inLanguage":"pt-BR","@id":"https:\/\/ossopim.com.br\/#\/schema\/logo\/image\/","url":"https:\/\/ossopim.com.br\/wp-content\/uploads\/2021\/05\/LOGO-ALTA-RESOLUCAO.png","contentUrl":"https:\/\/ossopim.com.br\/wp-content\/uploads\/2021\/05\/LOGO-ALTA-RESOLUCAO.png","width":960,"height":960,"caption":"OSSOPIM"},"image":{"@id":"https:\/\/ossopim.com.br\/#\/schema\/logo\/image\/"},"sameAs":["https:\/\/web.facebook.com\/ossopim?_rdc=1&amp;amp;amp;amp;amp;amp;amp;amp;_rdr","https:\/\/www.instagram.com\/ossopim\/"]}]}},"jetpack_sharing_enabled":true,"_links":{"self":[{"href":"https:\/\/ossopim.com.br\/index.php?rest_route=\/wp\/v2\/product\/272"}],"collection":[{"href":"https:\/\/ossopim.com.br\/index.php?rest_route=\/wp\/v2\/product"}],"about":[{"href":"https:\/\/ossopim.com.br\/index.php?rest_route=\/wp\/v2\/types\/product"}],"replies":[{"embeddable":true,"href":"https:\/\/ossopim.com.br\/index.php?rest_route=%2Fwp%2Fv2%2Fcomments&post=272"}],"wp:featuredmedia":[{"embeddable":true,"href":"https:\/\/ossopim.com.br\/index.php?rest_route=\/wp\/v2\/media\/448"}],"wp:attachment":[{"href":"https:\/\/ossopim.com.br\/index.php?rest_route=%2Fwp%2Fv2%2Fmedia&parent=272"}],"wp:term":[{"taxonomy":"product_cat","embeddable":true,"href":"https:\/\/ossopim.com.br\/index.php?rest_route=%2Fwp%2Fv2%2Fproduct_cat&post=272"},{"taxonomy":"product_tag","embeddable":true,"href":"https:\/\/ossopim.com.br\/index.php?rest_route=%2Fwp%2Fv2%2Fproduct_tag&post=272"}],"curies":[{"name":"wp","href":"https:\/\/api.w.org\/{rel}","templated":true}]}}